{"id":842,"date":"2025-12-26T14:21:44","date_gmt":"2025-12-26T14:21:44","guid":{"rendered":"https:\/\/c-ways.ch\/?page_id=842"},"modified":"2026-04-10T21:30:32","modified_gmt":"2026-04-10T21:30:32","slug":"ueber-und","status":"publish","type":"page","link":"https:\/\/c-ways.ch\/?page_id=842","title":{"rendered":"\u00dcber uns"},"content":{"rendered":"\t\t<div data-elementor-type=\"wp-page\" data-elementor-id=\"842\" class=\"elementor elementor-842\">\n\t\t\t\t<div class=\"elementor-element elementor-element-e5509bd e-flex e-con-boxed e-con e-parent\" data-id=\"e5509bd\" data-element_type=\"container\" data-e-type=\"container\">\n\t\t\t\t\t<div class=\"e-con-inner\">\n\t\t\t\t<div class=\"elementor-element elementor-element-e60eb04 elementor-widget elementor-widget-heading\" data-id=\"e60eb04\" data-element_type=\"widget\" data-e-type=\"widget\" data-widget_type=\"heading.default\">\n\t\t\t\t\t<h2 class=\"elementor-heading-title elementor-size-default\">Unsere Vision<\/h2>\t\t\t\t<\/div>\n\t\t\t\t<div class=\"elementor-element elementor-element-b3ba7cc elementor-widget elementor-widget-text-editor\" data-id=\"b3ba7cc\" data-element_type=\"widget\" data-e-type=\"widget\" data-widget_type=\"text-editor.default\">\n\t\t\t\t\t\t\t\t\t<p class=\"first:mt-1.5!\"><span style=\"color: #000000;\"><strong>Wir sind der vertrauensvolle Partner f\u00fcr anspruchsvolle Bauvorhaben.<\/strong><\/span><\/p><p class=\"first:mt-1.5!\"><span style=\"color: #000000;\">c-ways gestaltet zukunftsorientierte Bauprojekte, die die Bed\u00fcrfnisse unserer Kunden und Nutzer in den Mittelpunkt stellen und \u00f6kologische wie soziale Nachhaltigkeit konsequent ber\u00fccksichtigen. <\/span><span style=\"color: #000000;\">Dank unseres wertebasierten Handelns schaffen wir langfristige Partnerschaften und Mehrwert \u00fcber den gesamten Lebenszyklus einer Immobilie.<\/span><\/p>\t\t\t\t\t\t\t\t<\/div>\n\t\t\t\t\t<\/div>\n\t\t\t\t<\/div>\n\t\t<div class=\"elementor-element elementor-element-7bcde47 e-flex e-con-boxed e-con e-parent\" data-id=\"7bcde47\" data-element_type=\"container\" data-e-type=\"container\">\n\t\t\t\t\t<div class=\"e-con-inner\">\n\t\t\t\t<div class=\"elementor-element elementor-element-1bea316 elementor-widget elementor-widget-heading\" data-id=\"1bea316\" data-element_type=\"widget\" data-e-type=\"widget\" data-widget_type=\"heading.default\">\n\t\t\t\t\t<h2 class=\"elementor-heading-title elementor-size-default\">Unser Missionstatement<\/h2>\t\t\t\t<\/div>\n\t\t\t\t<div class=\"elementor-element elementor-element-1cb2cd8 elementor-widget elementor-widget-text-editor\" data-id=\"1cb2cd8\" data-element_type=\"widget\" data-e-type=\"widget\" data-widget_type=\"text-editor.default\">\n\t\t\t\t\t\t\t\t\t<p class=\"first:mt-1.5!\"><span style=\"color: #000000;\"><strong>Wir begleiten Bauherren bei anspruchsvollen Projekten \u2013 von der ersten Vision bis zur Inbetriebnahme.<\/strong><\/span><\/p><p class=\"first:mt-1.5!\"><span style=\"color: #000000;\">Als unabh\u00e4ngiger Bauherrenvertreter unterst\u00fctzen wir \u00f6ffentliche und private Bauherren.\u00a0<\/span><\/p><p class=\"first:mt-1.5!\"><span style=\"color: #000000;\">Unsere Arbeit basiert auf klar definierten Werten:<\/span><\/p><ul class=\"list-disc\"><li class=\"ml-4\"><span style=\"color: #000000;\"><strong>Vertrauen<\/strong> als Fundament jeder Zusammenarbeit \u2013 durch offene, ehrliche und transparente Kommunikation<\/span><\/li><li class=\"ml-4\"><span style=\"color: #000000;\"><strong>Zuverl\u00e4ssigkeit<\/strong> in Termin-, Qualit\u00e4ts- und Kostentreue<\/span><\/li><li class=\"ml-4\"><span style=\"color: #000000;\"><strong>Transparenz<\/strong> in allen Entscheidungen und Projektphasen<\/span><\/li><li class=\"ml-4\"><span style=\"color: #000000;\"><strong>Professionalit\u00e4t<\/strong> durch hohe Fachkompetenz und langj\u00e4hrige Erfahrung in komplexen Projekten<\/span><\/li><li class=\"ml-4\"><span style=\"color: #000000;\"><strong>Unabh\u00e4ngigkeit<\/strong> als Garantie f\u00fcr objektive, interessenneutrale Beratung<\/span><\/li><\/ul><p class=\"first:mt-1.5!\"><span style=\"color: #000000;\">\u00d6kologische und soziale Nachhaltigkeit stehen f\u00fcr uns an erster Stelle:<\/span><br \/><span style=\"color: #000000;\">Wir arbeiten ausschliesslich mit Bauherren zusammen, die diese Werte teilen, und entwickeln gemeinsam vision\u00e4re, innovative L\u00f6sungen, die \u00fcber das einzelne Projekt hinauswirken.<\/span><\/p><p class=\"first:mt-1.5!\"><span style=\"color: #000000;\">So schaffen wir Bauprojekte, die technisch \u00fcberzeugen, wirtschaftlich tragf\u00e4hig sind und menschlich wie gesellschaftlich einen nachhaltigen Beitrag leisten<\/span><\/p>\t\t\t\t\t\t\t\t<\/div>\n\t\t\t\t\t<\/div>\n\t\t\t\t<\/div>\n\t\t<div class=\"elementor-element elementor-element-7c49a56 e-grid e-con-boxed e-con e-parent\" data-id=\"7c49a56\" data-element_type=\"container\" data-e-type=\"container\">\n\t\t\t\t\t<div class=\"e-con-inner\">\n\t\t\t\t<div class=\"elementor-element elementor-element-8778d74 elementor-invisible elementor-widget elementor-widget-image\" data-id=\"8778d74\" data-element_type=\"widget\" data-e-type=\"widget\" data-settings=\"{&quot;_animation&quot;:&quot;fadeInDown&quot;}\" data-widget_type=\"image.default\">\n\t\t\t\t\t\t\t\t\t\t\t\t\t\t\t<img fetchpriority=\"high\" decoding=\"async\" width=\"300\" height=\"200\" src=\"https:\/\/c-ways.ch\/wp-content\/uploads\/2025\/12\/MD_077-300x200.webp\" class=\"attachment-medium size-medium wp-image-853\" alt=\"\" srcset=\"https:\/\/c-ways.ch\/wp-content\/uploads\/2025\/12\/MD_077-300x200.webp 300w, https:\/\/c-ways.ch\/wp-content\/uploads\/2025\/12\/MD_077-600x400.jpeg 600w, https:\/\/c-ways.ch\/wp-content\/uploads\/2025\/12\/MD_077.webp 640w\" sizes=\"(max-width: 300px) 100vw, 300px\" \/>\t\t\t\t\t\t\t\t\t\t\t\t\t\t\t<\/div>\n\t\t\t\t<div class=\"elementor-element elementor-element-954408c elementor-widget elementor-widget-text-editor\" data-id=\"954408c\" data-element_type=\"widget\" data-e-type=\"widget\" data-widget_type=\"text-editor.default\">\n\t\t\t\t\t\t\t\t\t<h4><strong><span style=\"color: #000000;\">Beat Schlegel<\/span><\/strong><\/h4><p><span style=\"color: #000000;\">Gesch\u00e4ftsf\u00fchrer \/ Inhaber<\/span><\/p><h5 style=\"text-align: left;\"><span style=\"color: #000000;\">Tel: +41 78 400 27 23<\/span><\/h5><h5 style=\"text-align: left;\"><span style=\"color: #000000;\">Mail: bs@c-ways.ch<\/span><\/h5><h5>\u00a0<\/h5><h5><span style=\"color: #000000;\">c-ways GmbH<\/span><\/h5><h5><span style=\"color: #000000;\">Rudlenstrasse 4<\/span><\/h5><h5><span style=\"color: #000000;\">CH-8376 Fischingen<\/span><\/h5>\t\t\t\t\t\t\t\t<\/div>\n\t\t\t\t<div class=\"elementor-element elementor-element-442db1b elementor-widget elementor-widget-text-editor\" data-id=\"442db1b\" data-element_type=\"widget\" data-e-type=\"widget\" data-widget_type=\"text-editor.default\">\n\t\t\t\t\t\t\t\t\t<h5><span style=\"color: #000000;\">Aufgewachsen in den B\u00fcndner Bergen, verheiratet, 2 Kinder, 1 Enkel\u00a0<\/span><\/h5><h5><span style=\"color: #000000;\">Dipl. Bauf\u00fchrer SBA, <\/span><\/h5><h5><span style=\"color: #000000;\">Euromaster Telecommunication Engineering, <\/span><\/h5><h5><span style=\"color: #000000;\">Eidg. Dipl. Verkaufsleiter, <\/span><\/h5><h5><span style=\"color: #000000;\">CAS Kooperationsmanagement<\/span><\/h5><h5><span style=\"color: #000000;\">Verschiedene Weiterbildungen in den Bereichen, Marketing, Qualit\u00e4tsmanagement (GMP), Konfliktmanagement und Gesch\u00e4ftsf\u00fchrung nach biblischen Grundprinzipien (SBG)<\/span><\/h5>\t\t\t\t\t\t\t\t<\/div>\n\t\t\t\t\t<\/div>\n\t\t\t\t<\/div>\n\t\t<div class=\"elementor-element elementor-element-51bcbac e-flex e-con-boxed e-con e-parent\" data-id=\"51bcbac\" data-element_type=\"container\" data-e-type=\"container\">\n\t\t\t\t\t<div class=\"e-con-inner\">\n\t\t\t\t<div class=\"elementor-element elementor-element-3442b04 elementor-widget elementor-widget-n-accordion\" data-id=\"3442b04\" data-element_type=\"widget\" data-e-type=\"widget\" data-settings=\"{&quot;default_state&quot;:&quot;expanded&quot;,&quot;max_items_expended&quot;:&quot;one&quot;,&quot;n_accordion_animation_duration&quot;:{&quot;unit&quot;:&quot;ms&quot;,&quot;size&quot;:400,&quot;sizes&quot;:[]}}\" data-widget_type=\"nested-accordion.default\">\n\t\t\t\t\t\t\t<div class=\"e-n-accordion\" aria-label=\"Accordion. Open links with Enter or Space, close with Escape, and navigate with Arrow Keys\">\n\t\t\t\t\t\t<details id=\"e-n-accordion-item-5470\" class=\"e-n-accordion-item\" open>\n\t\t\t\t<summary class=\"e-n-accordion-item-title\" data-accordion-index=\"1\" tabindex=\"0\" aria-expanded=\"true\" aria-controls=\"e-n-accordion-item-5470\" >\n\t\t\t\t\t<span class='e-n-accordion-item-title-header'><div class=\"e-n-accordion-item-title-text\"> Langj\u00e4hrige Erfahrungen in verschiedenen Bereichen <\/div><\/span>\n\t\t\t\t\t\t\t<span class='e-n-accordion-item-title-icon'>\n\t\t\t<span class='e-opened' ><svg aria-hidden=\"true\" class=\"e-font-icon-svg e-fas-minus\" viewBox=\"0 0 448 512\" xmlns=\"http:\/\/www.w3.org\/2000\/svg\"><path d=\"M416 208H32c-17.67 0-32 14.33-32 32v32c0 17.67 14.33 32 32 32h384c17.67 0 32-14.33 32-32v-32c0-17.67-14.33-32-32-32z\"><\/path><\/svg><\/span>\n\t\t\t<span class='e-closed'><svg aria-hidden=\"true\" class=\"e-font-icon-svg e-fas-plus\" viewBox=\"0 0 448 512\" xmlns=\"http:\/\/www.w3.org\/2000\/svg\"><path d=\"M416 208H272V64c0-17.67-14.33-32-32-32h-32c-17.67 0-32 14.33-32 32v144H32c-17.67 0-32 14.33-32 32v32c0 17.67 14.33 32 32 32h144v144c0 17.67 14.33 32 32 32h32c17.67 0 32-14.33 32-32V304h144c17.67 0 32-14.33 32-32v-32c0-17.67-14.33-32-32-32z\"><\/path><\/svg><\/span>\n\t\t<\/span>\n\n\t\t\t\t\t\t<\/summary>\n\t\t\t\t<div role=\"region\" aria-labelledby=\"e-n-accordion-item-5470\" class=\"elementor-element elementor-element-04b000f e-flex e-con-boxed e-con e-child\" data-id=\"04b000f\" data-element_type=\"container\" data-e-type=\"container\">\n\t\t\t\t\t<div class=\"e-con-inner\">\n\t\t<div role=\"region\" aria-labelledby=\"e-n-accordion-item-5470\" class=\"elementor-element elementor-element-09d115d e-grid e-con-full e-con e-child\" data-id=\"09d115d\" data-element_type=\"container\" data-e-type=\"container\">\n\t\t\t\t<div class=\"elementor-element elementor-element-0cc7f5a elementor-widget elementor-widget-counter\" data-id=\"0cc7f5a\" data-element_type=\"widget\" data-e-type=\"widget\" data-widget_type=\"counter.default\">\n\t\t\t\t\t\t\t<div class=\"elementor-counter\">\n\t\t\t<div class=\"elementor-counter-title\">Jahre Nutzer- \/ Bauherrenvertretung<\/div>\t\t\t<div class=\"elementor-counter-number-wrapper\">\n\t\t\t\t<span class=\"elementor-counter-number-prefix\"><\/span>\n\t\t\t\t<span class=\"elementor-counter-number\" data-duration=\"3000\" data-to-value=\"15\" data-from-value=\"0\" data-delimiter=\",\">0<\/span>\n\t\t\t\t<span class=\"elementor-counter-number-suffix\"><\/span>\n\t\t\t<\/div>\n\t\t<\/div>\n\t\t\t\t\t\t<\/div>\n\t\t\t\t<div class=\"elementor-element elementor-element-1cbf9ab elementor-widget elementor-widget-counter\" data-id=\"1cbf9ab\" data-element_type=\"widget\" data-e-type=\"widget\" data-widget_type=\"counter.default\">\n\t\t\t\t\t\t\t<div class=\"elementor-counter\">\n\t\t\t<div class=\"elementor-counter-title\">Jahre Marketing \/ Verkauf<\/div>\t\t\t<div class=\"elementor-counter-number-wrapper\">\n\t\t\t\t<span class=\"elementor-counter-number-prefix\"><\/span>\n\t\t\t\t<span class=\"elementor-counter-number\" data-duration=\"4000\" data-to-value=\"10\" data-from-value=\"0\" data-delimiter=\",\">0<\/span>\n\t\t\t\t<span class=\"elementor-counter-number-suffix\"><\/span>\n\t\t\t<\/div>\n\t\t<\/div>\n\t\t\t\t\t\t<\/div>\n\t\t\t\t<div class=\"elementor-element elementor-element-35a5913 elementor-widget elementor-widget-counter\" data-id=\"35a5913\" data-element_type=\"widget\" data-e-type=\"widget\" data-widget_type=\"counter.default\">\n\t\t\t\t\t\t\t<div class=\"elementor-counter\">\n\t\t\t<div class=\"elementor-counter-title\">Jahre Beratung<\/div>\t\t\t<div class=\"elementor-counter-number-wrapper\">\n\t\t\t\t<span class=\"elementor-counter-number-prefix\"><\/span>\n\t\t\t\t<span class=\"elementor-counter-number\" data-duration=\"5000\" data-to-value=\"5\" data-from-value=\"0\" data-delimiter=\",\">0<\/span>\n\t\t\t\t<span class=\"elementor-counter-number-suffix\"><\/span>\n\t\t\t<\/div>\n\t\t<\/div>\n\t\t\t\t\t\t<\/div>\n\t\t\t\t<\/div>\n\t\t\t\t\t<\/div>\n\t\t\t\t<\/div>\n\t\t\t\t\t<\/details>\n\t\t\t\t\t\t<details id=\"e-n-accordion-item-5471\" class=\"e-n-accordion-item\" >\n\t\t\t\t<summary class=\"e-n-accordion-item-title\" data-accordion-index=\"2\" tabindex=\"-1\" aria-expanded=\"false\" aria-controls=\"e-n-accordion-item-5471\" >\n\t\t\t\t\t<span class='e-n-accordion-item-title-header'><div class=\"e-n-accordion-item-title-text\"> Werdegang Beat Schlegel <\/div><\/span>\n\t\t\t\t\t\t\t<span class='e-n-accordion-item-title-icon'>\n\t\t\t<span class='e-opened' ><svg aria-hidden=\"true\" class=\"e-font-icon-svg e-fas-minus\" viewBox=\"0 0 448 512\" xmlns=\"http:\/\/www.w3.org\/2000\/svg\"><path d=\"M416 208H32c-17.67 0-32 14.33-32 32v32c0 17.67 14.33 32 32 32h384c17.67 0 32-14.33 32-32v-32c0-17.67-14.33-32-32-32z\"><\/path><\/svg><\/span>\n\t\t\t<span class='e-closed'><svg aria-hidden=\"true\" class=\"e-font-icon-svg e-fas-plus\" viewBox=\"0 0 448 512\" xmlns=\"http:\/\/www.w3.org\/2000\/svg\"><path d=\"M416 208H272V64c0-17.67-14.33-32-32-32h-32c-17.67 0-32 14.33-32 32v144H32c-17.67 0-32 14.33-32 32v32c0 17.67 14.33 32 32 32h144v144c0 17.67 14.33 32 32 32h32c17.67 0 32-14.33 32-32V304h144c17.67 0 32-14.33 32-32v-32c0-17.67-14.33-32-32-32z\"><\/path><\/svg><\/span>\n\t\t<\/span>\n\n\t\t\t\t\t\t<\/summary>\n\t\t\t\t<div role=\"region\" aria-labelledby=\"e-n-accordion-item-5471\" class=\"elementor-element elementor-element-7f40346 e-con-full e-flex e-con e-child\" data-id=\"7f40346\" data-element_type=\"container\" data-e-type=\"container\">\n\t\t\t\t<div class=\"elementor-element elementor-element-e19f2f8 elementor-widget__width-inherit e-transform elementor-invisible elementor-widget elementor-widget-joyas-timeline\" data-id=\"e19f2f8\" data-element_type=\"widget\" data-e-type=\"widget\" data-settings=\"{&quot;_transform_scale_effect&quot;:{&quot;unit&quot;:&quot;px&quot;,&quot;size&quot;:0.9,&quot;sizes&quot;:[]},&quot;_animation&quot;:&quot;fadeInUp&quot;,&quot;_animation_delay&quot;:0,&quot;_transform_scale_effect_tablet&quot;:{&quot;unit&quot;:&quot;px&quot;,&quot;size&quot;:&quot;&quot;,&quot;sizes&quot;:[]},&quot;_transform_scale_effect_mobile&quot;:{&quot;unit&quot;:&quot;px&quot;,&quot;size&quot;:&quot;&quot;,&quot;sizes&quot;:[]}}\" data-widget_type=\"joyas-timeline.default\">\n\t\t\t\t<div class=\"elementor-widget-container\">\n\t\t\t\t\t<div class=\"joyas-timeline-wrapper style-2 \">\r\n\t\t\t<div class=\"joyas-timeline-item even\">\r\n\t\t\t\t\t\t\t\t\t<i class=\"far fa-star icon\"><\/i>\r\n\t\t\t\t\r\n\t\t\t\t\t\t\t\t\t<span class=\"joyas-timeline-period\">2026 - heute<\/span>\r\n\t\t\t\t\r\n\t\t\t\t<div class=\"content-wrap\">\r\n\t\t\t\t\t\t\t\t\t<h4 class=\"joyas-timeline-title\">c-ways<\/h4>\r\n\t\t\t\t\r\n\t\t\t\t\t\t\t\t\t<h5 class=\"joyas-timeline-subtitle\">Gesch\u00e4ftsf\u00fchrer und Inhaber<\/h5>\r\n\t\t\t\t\r\n\t\t\t\t\t\t\t\t\t<p class=\"joyas-timeline-description\">Berner Oberland<\/p>\r\n\t\t\t\t\r\n\t\t\t\t<\/div>\t\t\t<\/div>\r\n\r\n\t\t\t\r\n\t\t\r\n\t\t\t<div class=\"joyas-timeline-item odd\">\r\n\t\t\t\t\t\t\t\t\t<i class=\"far fa-flag icon\"><\/i>\r\n\t\t\t\t\r\n\t\t\t\t\t\t\t\t\t<span class=\"joyas-timeline-period\">2020 - heute<\/span>\r\n\t\t\t\t\r\n\t\t\t\t<div class=\"content-wrap\">\r\n\t\t\t\t\t\t\t\t\t<h4 class=\"joyas-timeline-title\">ZHAW Z\u00fcrcher Hochschule f\u00fcr Angewandte Wissenschaften<\/h4>\r\n\t\t\t\t\r\n\t\t\t\t\t\t\t\t\t<h5 class=\"joyas-timeline-subtitle\">Leiter Projektmanagement Bau<\/h5>\r\n\t\t\t\t\r\n\t\t\t\t\t\t\t\t\t<p class=\"joyas-timeline-description\">Winterthur, Z\u00fcrich und W\u00e4denswil<\/p>\r\n\t\t\t\t\r\n\t\t\t\t<\/div>\t\t\t<\/div>\r\n\r\n\t\t\t\r\n\t\t\r\n\t\t\t<div class=\"joyas-timeline-item even\">\r\n\t\t\t\t\r\n\t\t\t\t\t\t\t\t\t<span class=\"joyas-timeline-period\">2016 - 2020<\/span>\r\n\t\t\t\t\r\n\t\t\t\t<div class=\"content-wrap\">\r\n\t\t\t\t\t\t\t\t\t<h4 class=\"joyas-timeline-title\">Stadtspital Z\u00fcrich<\/h4>\r\n\t\t\t\t\r\n\t\t\t\t\t\t\t\t\t<h5 class=\"joyas-timeline-subtitle\">Leiter Projekte und Immobilien<\/h5>\r\n\t\t\t\t\r\n\t\t\t\t\t\t\t\t\t<p class=\"joyas-timeline-description\">Z\u00fcrich<\/p>\r\n\t\t\t\t\r\n\t\t\t\t<\/div>\t\t\t<\/div>\r\n\r\n\t\t\t\r\n\t\t\r\n\t\t\t<div class=\"joyas-timeline-item odd\">\r\n\t\t\t\t\r\n\t\t\t\t\t\t\t\t\t<span class=\"joyas-timeline-period\">2010 - 2015<\/span>\r\n\t\t\t\t\r\n\t\t\t\t<div class=\"content-wrap\">\r\n\t\t\t\t\t\t\t\t\t<h4 class=\"joyas-timeline-title\">TQM Technical Quality Management GmbH<\/h4>\r\n\t\t\t\t\r\n\t\t\t\t\t\t\t\t\t<h5 class=\"joyas-timeline-subtitle\">Projektleiter Spital- und Reinraumbau<\/h5>\r\n\t\t\t\t\r\n\t\t\t\t\t\t\t\t\t<p class=\"joyas-timeline-description\">B\u00fctschwil<\/p>\r\n\t\t\t\t\r\n\t\t\t\t<\/div>\t\t\t<\/div>\r\n\r\n\t\t\t\r\n\t\t\r\n\t\t\t<div class=\"joyas-timeline-item even\">\r\n\t\t\t\t\r\n\t\t\t\t\t\t\t\t\t<span class=\"joyas-timeline-period\">2008 - 2010<\/span>\r\n\t\t\t\t\r\n\t\t\t\t<div class=\"content-wrap\">\r\n\t\t\t\t\t\t\t\t\t<h4 class=\"joyas-timeline-title\">SAM Global<\/h4>\r\n\t\t\t\t\r\n\t\t\t\t\t\t\t\t\t<h5 class=\"joyas-timeline-subtitle\">Kommunikationsleiter<\/h5>\r\n\t\t\t\t\r\n\t\t\t\t\t\t\t\t\t<p class=\"joyas-timeline-description\">Winterthur<\/p>\r\n\t\t\t\t\r\n\t\t\t\t<\/div>\t\t\t<\/div>\r\n\r\n\t\t\t\r\n\t\t\r\n\t\t\t<div class=\"joyas-timeline-item odd\">\r\n\t\t\t\t\r\n\t\t\t\t\t\t\t\t\t<span class=\"joyas-timeline-period\">2006 - 2008<\/span>\r\n\t\t\t\t\r\n\t\t\t\t<div class=\"content-wrap\">\r\n\t\t\t\t\t\t\t\t\t<h4 class=\"joyas-timeline-title\">Gemeinde Spiez<\/h4>\r\n\t\t\t\t\r\n\t\t\t\t\t\t\t\t\t<h5 class=\"joyas-timeline-subtitle\">Verantwortlicher Ortsmarketing<\/h5>\r\n\t\t\t\t\r\n\t\t\t\t\t\t\t\t\t<p class=\"joyas-timeline-description\">Spiez<\/p>\r\n\t\t\t\t\r\n\t\t\t\t<\/div>\t\t\t<\/div>\r\n\r\n\t\t\t\r\n\t\t\r\n\t\t\t<div class=\"joyas-timeline-item even\">\r\n\t\t\t\t\r\n\t\t\t\t\t\t\t\t\t<span class=\"joyas-timeline-period\">2002 - 2005<\/span>\r\n\t\t\t\t\r\n\t\t\t\t<div class=\"content-wrap\">\r\n\t\t\t\t\t\t\t\t\t<h4 class=\"joyas-timeline-title\">BKW AG<\/h4>\r\n\t\t\t\t\r\n\t\t\t\t\t\t\t\t\t<h5 class=\"joyas-timeline-subtitle\">Verkaufsleiter Technische Dienstleistungen<\/h5>\r\n\t\t\t\t\r\n\t\t\t\t\t\t\t\t\t<p class=\"joyas-timeline-description\">Bern<\/p>\r\n\t\t\t\t\r\n\t\t\t\t<\/div>\t\t\t<\/div>\r\n\r\n\t\t\t\r\n\t\t\r\n\t\t\t<div class=\"joyas-timeline-item odd\">\r\n\t\t\t\t\r\n\t\t\t\t\t\t\t\t\t<span class=\"joyas-timeline-period\">2000 - 2002<\/span>\r\n\t\t\t\t\r\n\t\t\t\t<div class=\"content-wrap\">\r\n\t\t\t\t\t\t\t\t\t<h4 class=\"joyas-timeline-title\">Schweizerischer Baumeisterverband SBV<\/h4>\r\n\t\t\t\t\r\n\t\t\t\t\t\t\t\t\t<h5 class=\"joyas-timeline-subtitle\">Marketingleiter<\/h5>\r\n\t\t\t\t\r\n\t\t\t\t\t\t\t\t\t<p class=\"joyas-timeline-description\">Bern und Z\u00fcrich<\/p>\r\n\t\t\t\t\r\n\t\t\t\t<\/div>\t\t\t<\/div>\r\n\r\n\t\t\t\r\n\t\t\r\n\t\t\t<div class=\"joyas-timeline-item even\">\r\n\t\t\t\t\r\n\t\t\t\t\t\t\t\t\t<span class=\"joyas-timeline-period\">1995 - 2000<\/span>\r\n\t\t\t\t\r\n\t\t\t\t<div class=\"content-wrap\">\r\n\t\t\t\t\t\t\t\t\t<h4 class=\"joyas-timeline-title\">Unternehmensberater<\/h4>\r\n\t\t\t\t\r\n\t\t\t\t\t\t\t\t\t<h5 class=\"joyas-timeline-subtitle\">Selbst\u00e4ndig <\/h5>\r\n\t\t\t\t\r\n\t\t\t\t\t\t\t\t\t<p class=\"joyas-timeline-description\">Deutschland<\/p>\r\n\t\t\t\t\r\n\t\t\t\t<\/div>\t\t\t<\/div>\r\n\r\n\t\t\t\r\n\t\t\r\n\t\t\t<div class=\"joyas-timeline-item odd\">\r\n\t\t\t\t\r\n\t\t\t\t\t\t\t\t\t<span class=\"joyas-timeline-period\">1989 - 1993<\/span>\r\n\t\t\t\t\r\n\t\t\t\t<div class=\"content-wrap\">\r\n\t\t\t\t\t\t\t\t\t<h4 class=\"joyas-timeline-title\">Bauf\u00fchrer<\/h4>\r\n\t\t\t\t\r\n\t\t\t\t\t\t\t\t\t<h5 class=\"joyas-timeline-subtitle\">Halter \/  Zindel<\/h5>\r\n\t\t\t\t\r\n\t\t\t\t\t\t\t\t\t<p class=\"joyas-timeline-description\">Z\u00fcrich und Chur<\/p>\r\n\t\t\t\t\r\n\t\t\t\t<\/div>\t\t\t<\/div>\r\n\r\n\t\t\t\r\n\t\t<\/div>\t\t\t\t<\/div>\n\t\t\t\t<\/div>\n\t\t\t\t<\/div>\n\t\t\t\t\t<\/details>\n\t\t\t\t\t<\/div>\n\t\t\t\t\t\t<\/div>\n\t\t\t\t\t<\/div>\n\t\t\t\t<\/div>\n\t\t\t\t<\/div>\n\t\t","protected":false},"excerpt":{"rendered":"<p>Unsere Vision Wir sind der vertrauensvolle Partner f\u00fcr anspruchsvolle Bauvorhaben. c-ways gestaltet zukunftsorientierte Bauprojekte, die die Bed\u00fcrfnisse unserer Kunden und Nutzer in den Mittelpunkt stellen und \u00f6kologische wie soziale Nachhaltigkeit konsequent ber\u00fccksichtigen. Dank unseres wertebasierten Handelns schaffen wir langfristige Partnerschaften und Mehrwert \u00fcber den gesamten Lebenszyklus einer Immobilie. Unser Missionstatement Wir begleiten Bauherren bei anspruchsvollen<\/p>\n<div class=\"more-link\">\n\t\t\t\t <a href=\"https:\/\/c-ways.ch\/?page_id=842\" class=\"link-btn\"><span>Weiterlesen <\/span><i class=\"icofont-thin-double-right\"><\/i><\/a>\n\t\t\t<\/div>\n","protected":false},"author":1,"featured_media":0,"parent":0,"menu_order":0,"comment_status":"closed","ping_status":"closed","template":"","meta":{"footnotes":""},"class_list":["post-842","page","type-page","status-publish","hentry"],"_links":{"self":[{"href":"https:\/\/c-ways.ch\/index.php?rest_route=\/wp\/v2\/pages\/842","targetHints":{"allow":["GET"]}}],"collection":[{"href":"https:\/\/c-ways.ch\/index.php?rest_route=\/wp\/v2\/pages"}],"about":[{"href":"https:\/\/c-ways.ch\/index.php?rest_route=\/wp\/v2\/types\/page"}],"author":[{"embeddable":true,"href":"https:\/\/c-ways.ch\/index.php?rest_route=\/wp\/v2\/users\/1"}],"replies":[{"embeddable":true,"href":"https:\/\/c-ways.ch\/index.php?rest_route=%2Fwp%2Fv2%2Fcomments&post=842"}],"version-history":[{"count":174,"href":"https:\/\/c-ways.ch\/index.php?rest_route=\/wp\/v2\/pages\/842\/revisions"}],"predecessor-version":[{"id":2277,"href":"https:\/\/c-ways.ch\/index.php?rest_route=\/wp\/v2\/pages\/842\/revisions\/2277"}],"wp:attachment":[{"href":"https:\/\/c-ways.ch\/index.php?rest_route=%2Fwp%2Fv2%2Fmedia&parent=842"}],"curies":[{"name":"wp","href":"https:\/\/api.w.org\/{rel}","templated":true}]}}